 9 - (-17 + 39)).
24
Calculate 19 - (-14 + 7 - -20).
6
Evaluate 13 + -6 - (5 - (-9 - 4)).
-11
Calculate (155 - 152) + 14 + -4.
13
What is the value of 412 + -431 + 40 + 2?
23
What is the value of 2 + (4 - 11 - 1 - -1) + 6?
1
Calculate 23 + 8 + (-25 - -14) + 4.
24
Evaluate -1 - (1 + -7 - (13 + -7 + -11)).
0
What is the value of (-8 - -1) + 28 - 34?
-13
Evaluate 1 + (-4 - -1) + -15 + 12.
-5
What is the value of -71 - -72 - (3 - (-1 + -1))?
-4
Calculate -12 - 14 - -13 - -10.
-3
What is (0 - 11) + -17 + 33?
5
Evaluate (6 + -10 - -8) + -32 + 14.
-14
Evaluate 0 + -18 - (509 - 523).
-4
(-4 - 1) + -10 + -11 + 3 + 19
-4
What is 56 + -55 - (3 + -1 + -5 - -1)?
3
Calculate -10 + 14 + -5 + -26.
-27
What is the value of 1 + -21 + 57 + -67?
-30
12 - (0 + 13 + -8) - 2
5
12 + 11 + 4 + -42
-15
(12 - -1) + (13 - -1) + -17
10
Evaluate 2 + -1 + 4 + (-15 - -18).
8
What is -9 - (2 - (4 - -16))?
9
What is -3 + -15 + (-1 - 7 - -12)?
-14
13 - (0 + 8 + 0) - 1
4
What is 5 + -13 + 12 - -8?
12
(5 - (12 - -1)) + (-18 - 1)
-27
What is (-472 - -474) + -4 + 1?
-1
What is 6 - (-1 + -8) - (6 - -3)?
6
Evaluate 3 - (7 - -10 - 0).
-14
Evaluate 13 + (-9 - 0) + -10.
-6
What is (50 - 54) + 14 + 2?
12
Calculate (-6 - -14) + -9 + 4 + -1.
2
-29 - (34 + (-87 - -32))
-8
What is the value of 4 - (121 - 121 - (-1 - 6))?
-3
What is (34 - (-1 - -104)) + 45?
-24
What is (-8 - -10) + (-19 - (-4 - (-13 - -2)))?
-24
-103 - -89 - (-16 + 1)
1
Calculate (-1 + -9 - -7) + 10.
7
Calculate 8 + 2 - (19 - (-13 + 27)).
5
What is the value of (11 + -11 - (3 + -6)) + -6 + 6?
3
What is (-25 - (8 + -26)) + (20 + 2 - 0)?
15
(8 + -31 - -10) + (-12 - -13)
-12
(4 - (-1 + -3 - -13)) + 8
3
0 + 26 + -42 - -27
11
Calculate -3 - (2 - (-8 + 4)) - -7.
-2
What is the value of 20 + (-12 + 0 - (3 - -14 - 23))?
14
What is -6 - (-6 + (-1 - -3)) - (12 + -8)?
-6
What is -2 + 11 + (-5 - -2 - -14)?
20
Evaluate (1 - (8 + -10) - -4) + 7.
14
What is the value of -4 + -4 + 7 - (49 + -40)?
-10
Calculate (-35 - (-18 + 11)) + 15.
-13
Evaluate (-9 - -12) + -8 + 3 - 2.
-4
Evaluate -24 + (10 - -14) - 3.
-3
What is 12 + 6 + 2 - (7 - -2) - 35?
-24
What is the value of -362 + 379 - (28 + 2)?
-13
Evaluate (5 - ((-12 - 1) + 1)) + -2.
15
Evaluate 1 + -3 + (-1 - 6 - (342 + -357)).
6
Evaluate 10 + -3 - 2 - (236 + -243).
12
What is 9 + (-6 - (-2 - 17 - (12 - 14)))?
20
What is the value of (5 + 21 - 43) + 12 + 3?
-2
What is -6 - (-2 + (-3 - 1))?
0
(-2 - -17) + (-11 - -19) - -1 - 2
22
Calculate (12 - (4 + (5 - (-1 - -5)))) + -13.
-6
What is 1 - 12 - (14 + (-17 - 54) + 22)?
24
What is the value of 2 + (-15 - 6) - -19?
0
What is -17 + 23 + 6 + 0 + -10 + 16?
18
1 + -9 + 33 + -14
11
(19 - (-38 - -33)) + 5
29
What is (12 - (38 - -4)) + 1 + -3?
-32
0 + (8 - (-3 + (13 - 6)))
4
What is -1 + -8 + 1 + (-2579 - -2598)?
11
What is the value of (-10 + 6 - 5 - 0) + 4?
-5
Calculate 630 + -619 - (1 + 23).
-13
Evaluate -5 + (0 - (5 + 6 + -9)) + 6.
-1
What is (16 - 1) + (-5 - -11) - 8?
13
-18 - -33 - 19 - 4
-8
What is the value of -3 - (-45 + 26) - 11?
5
What is -9 + 23 - (13 + -13)?
14
Evaluate (2 - 2) + (3 + -7 + 5 - -9).
10
What is (12 - 12) + (38 - 7) + 8 + -15?
24
What is the value of (-40 - -33 - (0 - 0)) + (8 - 11)?
-10
Evaluate 7 - (-14 - (11 + -32) - (4 + -1)).
3
What is (-2 + -5 - (3 - 0)) + (-97 - -87)?
-20
What is 2 - ((-9 - 5) + 16 + (-3 - 2))?
5
-10 + 13 - (8 - (0 - (5 - 0)))
-10
Evaluate -4 - (4 + (9 - 14) + -5).
2
Calculate -2 + 12 - (-24 - -23).
11
What is -41 + (-19 - -29) - -23?
-8
What is the value of -16 + (-2 - 1) + (15 - 13)?
-17
Calculate 9 + -19 + 16 + (2 - -6).
14
(7 - 1) + (-5 - (14 + -18))
5
Calculate -10 - (15 + -35 + 7).
3
10 - ((-12 - -3 - -15) + -5)
9
What is -3 + (12 - 19) + 12?
2
Calculate 2 + 29 - (19 + -13 - -5).
20
What is the value of 0 - 0 - (-8 - (41 + -47))?
2
What is 3 - (-15 - (19 + -35)) - (32 - -2)?
-32
(52 - 55) + -2 + 1 + -1 + 17
12
What is the value of 1 + 0 - -1 - (-132 + 62 + 79)?
-7
What is -7 + (1 - (0 + 6 + (-6 - -21)))?
-27
Evaluate 25 + -11 + 6 + (-3 - (0 + 1)).
16
Calculate (2 + 0 - (1 + -7)) + (-4 - -1).
5
Evaluate -11 + -1 + 1 + 1247 + -1236 + -22.
-22
Calculate -42 + -1 + (462 - 456).
-37
What is 13 - 12 - (-1 - 15)?
17
What is the value of -6 + (26 + -28 - (-14 - -2))?
4
Evaluate 8 - 13 - -12 - (28 - 45).
24
12 + 2 + -10 + -1 + -8
-5
Evaluate 14 + 2 + (8 - (19 + -14)).
19
What is -6 + 15 + -14 - 9 - -2?
-12
Evaluate -9 + 6 + 13 + -9.
1
Evaluate -1 - -8 - 7 - (-1 + 18 + -5).
-12
Evaluate -3 - (13 - (-2 - -11)) - 7.
-14
702 + -722 - (-29 - 0)
9
What is -6 + 7 + -7 - -2?
-4
What is 26 - (-16 + (-12 - -44))?
10
Calculate (35 + -11 - 12) + -16.
-4
Evaluate 0 + (1 - 2) - (12 - 6) - -15.
8
Evaluate -1 + 4 + (-64 - -64) + (-6 - -1).
-2
Evaluate 8 + 16 + (-9 - (-3 + -8)).
26
Evaluate 29 - (-18 + 27 + 10).
10
What is -1 + (-4 - -4) + 6 + 3?
8
What is (-19 - (-39 - -15)) + -9?
-4
What is (3 + 5 - (3 - -1)) + 3 + -4?
3
Calculate (8 - -1) + ((16 - 7) + 5 - 21).
2
What is the value of -13 + (7 - -9) + -2 + -2?
-1
Evaluate 1 + 1 + -13 + 23 + (2 - 7).
7
What is the value of (10 - -3) + -52 + 27?
-12
(9 - (20 + -17)) + -14
-8
What is the value of -3 + 6 + -7 + -7?
-11
What is the value of 5 + (-1 + (-6 - 7) - -7) - 0?
-2
0 + (1 - -1 - 9) - (1 - -6)
-14
Evaluate (15 - -2) + -43 - (-2 - 7).
-17
1 - (-8 - -5 - (-2 + 6))
8
What is -3 + -8 + -10 + 49 + -8?
20
Calculate (8 - 22 - (1 - 4)) + 4 - 15.
-22
23 - (22 + 1 + -13) - 10
3
Calculate -229 + 225 + (1 + 1 - 11).
-13
(43 - 34) + -16 - (8 - 0)
-15
Evaluate (2 - 2 - (-38 + 42) - -7) + 8.
11
What is 9 + 14 + -13 - 0?
10
Evaluate -1 + (10 - 15) - -2 - 0.
-4
What is the value of -6 - (-1 + -1 + (-3 - 1 - 0))?
0
Evaluate (11 - (6 + 6)) + -10.
-11
Calculate -1 - ((-1 - -5) + -15 + (20 - 26)).
16
Evaluate (-38 - -37) + 4 + -2 + -8.
-7
What is 7 - -2 - (25 + -28 - (-3 - -4))?
13
3 + (8 - 5) - 0 - (-1 + -2)
9
What is -13 + 1 - (-46 + 24) - 23?
-13
What is the value of -4 + (-15 + 19 + -8 - 12)?
-20
What is 0 + 2 - (-1 + 9) - (-23 - -26)?
-9
What is the value of 6 + (9 - 0 - 28)?
-13
Evaluate 11 + -2 - -11 - 43.
-23
-1 + (-12 + 2 - -4) + -5 + 1
-11
28 + (-770 - -782) + (0 - (-1 - -7))
34
Calculate 6 - ((-9 - (-6 + -8 - -9)) + -12).
22
Evaluate (-22 - -55) + -25 - (14 + 1).
-7
What is the value of -3 - (5 - (3 - -2 - 5))?
-8
What is -1 - (6 - ((3 - 4) + -4))?
-12
What is the value of (-2 - ((-1 - -7) + -2) - -12) + 0?
6
-84 - -91 - (28 + (2 - -1 - 0))
-24
Evaluate -17 - (4 - (18 - 7)).
-10
What is 1 + (-2 + 1 - (-21 + 22 + 6))?
-7
Calculate 14 - ((-5 - -5) + 3 + 4).
7
Calculate 9 + -1 - (21 + -8 - (12 + -5)).
2
Calculate 3 - ((-30 - -17) + (5 - 0)).
11
What is 0 + 4 + -7 + 0 + -4?
-7
Calculate (-7 - (-15 - 1)) + 25.
34
Evaluate 5 - (-1 + 30 + (17 - (-3 + 27))).
-17
Evaluate -1 - -4 - -1 - (1 - -11).
-8
What is (2 - (3 - -1)) + 20 - (10 - 3)?
11
(35 - 14) + 11 + -20
12
Calculate 226 - 188 - (-2 - -33).
7
What is 102 + -83 - (-1 + 42)?
-22
What is -2 - (16 + -7 + 0 + 13)?
-24
What is the value of (-14 - (8 + -8 + -8) - 11) + -7?
-24
Evaluate 5 + 2 + (-1 - 24 - -8).
-10
What is (4 - -3) + 3 + (-14 - -2 - -3)?
1
Calculate (15 + -5 - (8 + 17)) + 9.
-6
Evaluate -3 + 10 + (-2 - -2 - 0) + 6.
13
-3 - -7 - (-2 + 4 - -11)
-9
What is -21 + 4 + 6 + 34?
23
What is (0 - -4) + 14 + -13 + -2 + -2?
1
-7 + (13 - 12 - (3 - -5))
-14
What is 20 + (11 - 13) + -8 + 3?
13
What is -2 + (-1 - 18) + (-366 - -375)?
-12
What is the value of -3 + 12 - (15 - (4 - -3) - 8)?
9
What is -1 + -1 + (-37 - -28) + -6?
-17
37 + -14 + (-10 - (-1 - 9))
23
What is 407 + -425 - (-4 + 1)?
-15
Evaluate (1 + 1 - (8 + -12) - 4) + -14.
-12
Evaluate (1 - 7) + (3 - -17) + -4 + -1.
9
Calculate (9 - 3 - 2) + (-4 - (-2 + -5)).
7
What is 5 + 4 - -20 - 44?
-15
Evaluate 18 - (25 + 4) - (-3 - 4).
-4
What is the value of (-1 - (7 + 0 + -21 + 26)) + 3?
-10
What is 19 + -29 + -19 + (9 - 2)?
-22
Calculate (-1 - 0) + 4 + 16 - (-5 + 4).
20
What is (-8 - -2) + 3 - (24 - 20) - -22?
15
What is -4 + 0 + 13 + 86 + -55?
40
What is the value of 31 - (-8 + (18 - (2 + 6) - -5))?
24
What is (-2 - (-8 + 17)) + 23 + -9?
3
What is 1 + (-2 - (-6 - -6)) - (-5 + 7)?
-3
What is 4 + -11 + 28 + -23?
-2
What is the value of -28 + 14 - (9 + (-19 - -10))?
-14
What is -196 - -205 - (-13 + 1) - (5 - 1)?
17
-21 + (39 - (-8 - -19)) + 18 + -1
24
What is (-92 - -114 - (-2 + 20))